 digit of 15364257?
4
What is the ten thousands digit of 306518?
0
What is the ten millions digit of 12786529?
1
What is the hundred thousands digit of 20395886?
3
What is the units digit of 1189829?
9
What is the units digit of 349798?
8
What is the units digit of 1052866?
6
What is the units digit of 1071807?
7
What is the thousands digit of 6450423?
0
What is the ten thousands digit of 8381177?
8
What is the hundreds digit of 1326650?
6
What is the hundred thousands digit of 243082?
2
What is the thousands digit of 397121?
7
What is the units digit of 3118?
8
What is the tens digit of 910288?
8
What is the units digit of 171802?
2
What is the hundred thousands digit of 475996?
4
What is the thousands digit of 1623533?
3
What is the hundreds digit of 557461?
4
What is the hundred thousands digit of 522642?
5
What is the hundreds digit of 251028?
0
What is the units digit of 1807785?
5
What is the hundred thousands digit of 2658567?
6
What is the units digit of 553000?
0
What is the hundred thousands digit of 4841006?
8
What is the hundred thousands digit of 4170567?
1
What is the ten millions digit of 12112049?
1
What is the ten thousands digit of 72449?
7
What is the hundreds digit of 114910?
9
What is the thousands digit of 6193366?
3
What is the tens digit of 935969?
6
What is the tens digit of 15695165?
6
What is the tens digit of 8768944?
4
What is the ten thousands digit of 702052?
0
What is the thousands digit of 926767?
6
What is the tens digit of 501077?
7
What is the units digit of 625218?
8
What is the thousands digit of 80692?
0
What is the ten thousands digit of 145203?
4
What is the hundreds digit of 6904997?
9
What is the hundred thousands digit of 139237?
1
What is the ten thousands digit of 1033682?
3
What is the millions digit of 1575756?
1
What is the tens digit of 6489761?
6
What is the hundred thousands digit of 195701?
1
What is the ten thousands digit of 656805?
5
What is the units digit of 1388867?
7
What is the hundreds digit of 2684831?
8
What is the hundreds digit of 450197?
1
What is the tens digit of 98281?
8
What is the tens digit of 11265640?
4
What is the tens digit of 463669?
6
What is the ten millions digit of 18887121?
1
What is the ten thousands digit of 14033178?
3
What is the tens digit of 9317360?
6
What is the ten thousands digit of 2310668?
1
What is the tens digit of 1178697?
9
What is the units digit of 32195713?
3
What is the ten thousands digit of 671240?
7
What is the ten thousands digit of 952424?
5
What is the millions digit of 1936050?
1
What is the hundreds digit of 277001?
0
What is the tens digit of 14241098?
9
What is the units digit of 6503199?
9
What is the tens digit of 15703432?
3
What is the ten thousands digit of 367312?
6
What is the tens digit of 29885?
8
What is the tens digit of 3425929?
2
What is the hundred thousands digit of 19866651?
8
What is the ten thousands digit of 51384?
5
What is the units digit of 565463?
3
What is the hundreds digit of 145986?
9
What is the hundreds digit of 228839?
8
What is the thousands digit of 1322365?
2
What is the tens digit of 1125659?
5
What is the hundred thousands digit of 134861?
1
What is the thousands digit of 74411?
4
What is the tens digit of 359489?
8
What is the units digit of 182211?
1
What is the thousands digit of 13279185?
9
What is the ten thousands digit of 1046857?
4
What is the tens digit of 232887?
8
What is the tens digit of 7792076?
7
What is the tens digit of 1599169?
6
What is the ten thousands digit of 1815744?
1
What is the tens digit of 234569?
6
What is the thousands digit of 202231?
2
What is the hundreds digit of 1039988?
9
What is the ten thousands digit of 4107615?
0
What is the units digit of 512227?
7
What is the units digit of 234186?
6
What is the ten thousands digit of 3531378?
3
What is the tens digit of 657658?
5
What is the millions digit of 3623403?
3
What is the tens digit of 617028?
2
What is the units digit of 182129?
9
What is the thousands digit of 129835?
9
What is the thousands digit of 815242?
5
What is the units digit of 404790?
0
What is the ten thousands digit of 367978?
6
What is the millions digit of 10583265?
0
What is the thousands digit of 2748136?
8
What is the hundred thousands digit of 776936?
7
What is the ten thousands digit of 1354369?
5
What is the hundreds digit of 10452959?
9
What is the ten thousands digit of 998736?
9
What is the hundreds digit of 210946?
9
What is the ten thousands digit of 428969?
2
What is the ten thousands digit of 37063?
3
What is the ten thousands digit of 3941786?
4
What is the units digit of 15745296?
6
What is the tens digit of 164245?
4
What is the hundreds digit of 433421?
4
What is the hundreds digit of 14511629?
6
What is the hundred thousands digit of 811169?
8
What is the ten thousands digit of 3932894?
3
What is the hundreds digit of 7724?
7
What is the hundred thousands digit of 1407851?
4
What is the ten thousands digit of 836318?
3
What is the hundred thousands digit of 7151957?
1
What is the millions digit of 11839679?
1
What is the tens digit of 363033?
3
What is the millions digit of 11928601?
1
What is the tens digit of 8639711?
1
What is the ten thousands digit of 2783883?
8
What is the ten thousands digit of 398631?
9
What is the units digit of 1884647?
7
What is the hundred thousands digit of 14572355?
5
What is the hundred thousands digit of 5222977?
2
What is the hundreds digit of 7443?
4
What is the hundreds digit of 15377488?
4
What is the thousands digit of 712324?
2
What is the ten thousands digit of 3169475?
6
What is the ten thousands digit of 20772?
2
What is the ten thousands digit of 15590?
1
What is the hundreds digit of 6103973?
9
What is the ten thousands digit of 973776?
7
What is the ten thousands digit of 44775?
4
What is the ten thousands digit of 20153665?
5
What is the hundreds digit of 9779238?
2
What is the millions digit of 2973390?
2
What is the hundred thousands digit of 208237?
2
What is the ten thousands digit of 280449?
8
What is the hundred thousands digit of 263167?
2
What is the hundred thousands digit of 1407547?
4
What is the thousands digit of 853874?
3
What is the hundred thousands digit of 4182281?
1
What is the hundred thousands digit of 30148406?
1
What is the units digit of 3925981?
1
What is the millions digit of 1672706?
1
What is the hundreds digit of 407544?
5
What is the millions digit of 20164322?
0
What is the tens digit of 2154661?
6
What is the tens digit of 161552?
5
What is the hundreds digit of 541560?
5
What is the units digit of 2640869?
9
What is the tens digit of 185444?
4
What is the ten thousands digit of 7376640?
7
What is the thousands digit of 476924?
6
What is the units digit of 4261012?
2
What is the thousands digit of 811063?
1
What is the ten thousands digit of 52286?
5
What is the ten thousands digit of 4233575?
3
What is the thousands digit of 20939601?
9
What is the hundreds digit of 2421931?
9
What is the tens digit of 5053064?
6
What is the thousands digit of 259099?
9
What is the units digit of 16634?
4
What is the tens digit of 147498?
9
What is the units digit of 5283802?
2
What is the tens digit of 811096?
9
What is the ten thousands digit of 1237523?
3
What is the tens digit of 101938?
3
What is the tens digit of 2609653?
5
What is the thousands digit of 2261390?
1
What is the units digit of 75410?
0
What is the tens digit of 9700608?
0
What is the thousands digit of 4380772?
0
What is the tens digit of 220173?
7
What is the ten thousands digit of 3654434?
5
What is the ten thousands digit of 7411620?
1
What is the millions digit of 1427995?
1
What is the hundreds digit of 30200?
2
What is the ten thousands digit of 3355873?
5
What is the ten thousands digit of 1486106?
8
What is the ten thousands digit of 118856?
1
What is the hundreds digit of 773770?
7
What is the tens digit of 2528668?
6
What is the millions digit of 22658846?
2
What is the units digit of 1287631?
1
What is the hundred thousands digit of 1904333?
9
What is the tens digit of 6703256?
5
What is the tens digit of 619580?
8
What is the tens digit of 856102?
0
What is the hundreds digit of 318898?
8
What is the millions digit of 3110045?
3
What is the hundred thousands digit of 2256773?
2
Wh